divisor of z and l.
23
Let t = -5 - -1. Let s be -1 + (-4)/(t/27). Let i be -2*418/(-8) - (-1)/(-2). Calculate the greatest common divisor of s and i.
26
Suppose j + 460 = -4*d + 98, 2*j = 4*d + 368. Let v be (-6)/(-4) + -1 + d/(-14). Calculate the highest common factor of 63 and v.
7
Suppose 63 = 5*z - k, 0 = 21*z - 22*z + 3*k + 21. Let x(q) = -q**3 - 5*q**2 + 3*q + 6. Let d be x(-6). Calculate the highest common divisor of d and z.
12
Suppose -5*j + 2*v = -j + 478, -4*j - 5*v = 499. Let c(i) = i**2 + 6*i + 5. Let t be c(-6). Let u = t - j. What is the greatest common divisor of 14 and u?
14
Let c = 68 + -21. Suppose 0 = 4*j + 5*g - 248, -2*g - 153 + c = -2*j. Calculate the highest common divisor of 19 and j.
19
Let w be (-40)/(-6) - (1 + 2/(-6)). Let r be w/2 + -2 - -23. Calculate the greatest common divisor of r and 16.
8
Let r be (-2 + 5/5)*(-1 - 105). Let f(w) = 2*w**2 + 7*w + 2. Let t be f(-6). Suppose r = 3*n - t. Calculate the highest common divisor of 69 and n.
23
Let b be ((-86)/5)/((-18)/90). Suppose -5*c = -b - 89. Calculate the greatest common divisor of c and 245.
35
Suppose 6*s - 68 - 166 = 0. Calculate the greatest common divisor of 52 and s.
13
Let l = -16 + 14. Let w be ((-2)/l)/(13/221). Let k = w - 3. What is the greatest common divisor of 21 and k?
7
Suppose -8 = -4*y, x + 0*x + y = 7. Let g be (1 - 247)/(-3) + -2*1. What is the greatest common factor of g and x?
5
Suppose 0 = 257*u - 252*u - 970. What is the highest common divisor of 1649 and u?
97
Suppose z + 1345 = 4*u - 2*z, 4*z - 360 = -u. Calculate the greatest common divisor of u and 204.
68
Let h be 7/(28 + 0) - (-1142)/8. What is the greatest common divisor of 13 and h?
13
Suppose 0 = -4*c + 2*y + 1016, 5*c - 3*y + 0*y = 1269. Let x = -31 - -82. Calculate the highest common factor of c and x.
51
Suppose -4*t = -6*t + t. Suppose -5*v + 151 + 494 = t. What is the greatest common divisor of v and 43?
43
Suppose -q + 61 = 2*z, 2*z - 18*q + 22*q - 64 = 0. Calculate the greatest common factor of z and 285.
15
Suppose 360 = -32*u + 36*u. Calculate the highest common divisor of u and 36.
18
Let z(h) = 8*h + 4. Let u be z(4). Let q = 64 - 57. Suppose -3*b + q = -x, 2*x - 10 = -0*x. What is the highest common divisor of b and u?
4
Let b = 2 + 1. Suppose -4*g + 28 = -2*n, 3*n = -2*g - 2*n + 2. Suppose -g*u = -b*u - 276. Calculate the highest common divisor of 23 and u.
23
Let q(a) = -3*a + 0*a + 7*a**3 - a - a**3. Let j be q(-3). Let s = j - -214. What is the greatest common factor of s and 8?
8
Let a = 24 + -26. Let o(v) = -v**3 - 2*v**2 - 2*v - 1. Let i be o(a). Calculate the greatest common factor of 30 and i.
3
Suppose -5 = -6*n + n. Let f(r) = 19*r - 3. Let b be f(n). Calculate the highest common divisor of 16 and b.
16
Let t = -12555 + 12580. Let u(c) = -2*c - 3. Let q be u(-4). Calculate the greatest common factor of t and q.
5
Let p(h) = 3*h + 10. Let y(l) = -12*l - 39. Let a(r) = 9*p(r) + 2*y(r). Let g be a(2). What is the greatest common divisor of 72 and g?
18
Let o(x) = x**3 - 18*x**2 - 37*x - 5. Let n be o(20). Calculate the greatest common factor of n and 44.
11
Suppose 4*i = 32 - 24. Let l be 3/i*(-112)/(-12) - -2. Calculate the greatest common divisor of l and 176.
16
Suppose -5*g + 2308 = -2*l, -5*g + 4*l - 418 = -2734. Calculate the highest common divisor of 20 and g.
20
Suppose -66*b = -63*b - 2415. What is the greatest common divisor of 70 and b?
35
Let m(d) = d**2 + 39*d - 67. Let c be m(-41). What is the greatest common divisor of c and 735?
15
Let g(i) = -i + 31. Let z be g(-23). Calculate the greatest common factor of z and 594.
54
Let j = 0 - -3. Suppose 2*a - 3 = j. Let l = a + -2. What is the highest common factor of l and 5?
1
Let q be (24/36)/(4/18). Let l(r) = -r**3 + 2*r**2 + 42 + q*r - 17 - 3*r**2. Let h be l(0). What is the greatest common factor of 10 and h?
5
Suppose -4*l - 17 = -277. Let k = -32 + l. Calculate the greatest common divisor of k and 11.
11
Suppose -733 = 12*m - 2497. Calculate the greatest common divisor of 42 and m.
21
Let d = 206 - 194. What is the greatest common factor of 36 and d?
12
Let x be ((-4)/2)/(126/(-14931)). What is the greatest common factor of 1027 and x?
79
Suppose 9 = -3*h + 1239. Suppose 49 + h = 3*g. Calculate the highest common factor of 34 and g.
17
Let m(g) = 6*g**2. Let k = 16 + -15. Let a be m(k). Calculate the greatest common factor of a and 42.
6
Let s be 5 + (-30786)/(-45) - (-4)/(-30). What is the greatest common divisor of 13 and s?
13
Suppose u - 7 = 21. Suppose u + 84 = 8*c. What is the greatest common factor of c and 28?
14
Let f = -1 + 4. Suppose -2*z = -p + 9, p + 4 = f*z + 12. Let k be (-13)/65 - (-2424)/20. Calculate the greatest common factor of k and p.
11
Suppose -8997*z + 582 = -8994*z. What is the greatest common factor of 2619 and z?
97
Suppose 5*f = 16*f - 11550. What is the greatest common divisor of f and 25?
25
Let d = 1610 - 1355. What is the greatest common factor of 935 and d?
85
Suppose 118 = 5*f - 4*o - 6, f = 5*o + 8. Suppose -y + 3*y = f. Calculate the highest common divisor of y and 126.
14
Suppose 0 = 2*i - 4*t - 0 + 4, 3*i + 2*t = 10. Suppose 0 = s - i, 4*k + 32 + 24 = 4*s. Let c = 19 + k. What is the greatest common factor of c and 1?
1
Let d(u) = u**3 - 5*u**2 + 3*u + 6. Let b be d(4). Suppose -3 = 3*q - 0, 239 = b*r - 5*q. What is the greatest common factor of r and 78?
39
Suppose 0 = 10*g - 18 - 262. What is the highest common divisor of 7 and g?
7
Suppose -2*k = -3*s + 276, 2*k = -s - k + 92. What is the greatest common factor of s and 414?
46
Let v be (-3 + 32/12)/((-12)/936). Suppose 9 = -3*i - g + 169, 3*i - 140 = 4*g. What is the highest common divisor of i and v?
26
Let p(q) = -q**2 - 3*q + 27. Let c be p(0). Let l = 5 + -3. Let w be l - (-1 + (-17 - -2)). Calculate the greatest common factor of c and w.
9
Suppose 5*z = 741 + 64. Calculate the highest common factor of 23 and z.
23
Let s = -18 + 22. Suppose i - s - 6 = 0. Calculate the greatest common divisor of 80 and i.
10
Suppose 0 = -21*o + 20*o + 21. Suppose -m = -5 - o. Calculate the highest common factor of m and 78.
26
Suppose -2*x - 64 = 6*x. Let f = 17 + x. Suppose -4*d + d = -f. What is the highest common factor of d and 6?
3
Let r be 85/3 + 52/(-156). Calculate the greatest common divisor of 7 and r.
7
Let y(h) = -11*h + 35*h + 24 + 2*h**2 - 8*h. Let n be y(-7). Let x = 84 - -6. Calculate the greatest common divisor of n and x.
10
Suppose 2*a + 20 = 3*a. Suppose -97*x + 4*l = -93*x - 8, 5*x - 2*l = 16. Calculate the greatest common divisor of a and x.
4
Let r be (-3)/(-1)*(3 + 2 + 6). What is the highest common factor of r and 3?
3
Suppose 30 + 178 = 8*z. Calculate the greatest common divisor of z and 13.
13
Let m = 58 + -40. Let o be 6 + (-2 - -1) + 1. What is the highest common factor of o and m?
6
Let u(l) = 7*l - 61. Let d = 72 + -54. Let y be u(d). What is the highest common divisor of 39 and y?
13
Suppose -80 = -2*n - 0*n + 2*s, -216 = -5*n + s. Suppose -t + 28 = 3*w, 4*w + 4*t = t + n. Let f = w - 1. Calculate the highest common divisor of 56 and f.
7
Let c be ((14/21)/(2/(-6)))/2. Let a be 11 - (c + -3) - -3. What is the highest common factor of a and 90?
18
Suppose -7200 = 68*f - 72*f. Calculate the highest common divisor of 50 and f.
50
Let k be (0 - 2/4)*-414. Let v = k + -116. Let q be (364/(-21))/(20/(-15)). What is the highest common divisor of q and v?
13
Let m be 232/2 + 3/(-3). Let o = 162 + -159. Suppose o*j = -4*t + 8 + 122, 2*j + 5*t - 82 = 0. Calculate the greatest common divisor of m and j.
23
Let k = 87 + -21. Let d be (k/(-21))/(1/(4 + -11)). What is the highest common divisor of d and 110?
22
Let a(f) = 2*f - 4. Suppose 0*o - 22 = 2*o. Let w(j) = 10*j - 20. Let i(d) = o*a(d) + 2*w(d). Let r be i(0). Calculate the greatest common divisor of r and 2.
2
Let b be ((-8)/(-6))/(4/126). Let y = 318 + -255. Calculate the highest common factor of y and b.
21
Suppose -5*v = 3*t - v - 48, 4*t + v - 77 = 0. Let a(p) = p + 11. Let o be a(-9). Let y be (-1 - 3) + o + 7. Calculate the highest common divisor of y and t.
5
Let n(s) = -2*s**3 + 2*s + 1. Let y be n(-1). Let p be -1 - -2 - -2 - -157. Let c be (p/4)/4 + 1. What is the highest common divisor of c and y?
1
Let l(d) = -44*d - 